ulate the remainder when 1068 is divided by 431.
206
What is the remainder when 706 is divided by 672?
34
What is the remainder when 201 is divided by 51?
48
What is the remainder when 7076 is divided by 109?
100
What is the remainder when 739 is divided by 90?
19
Calculate the remainder when 305 is divided by 222.
83
Calculate the remainder when 3841 is divided by 71.
7
What is the remainder when 886 is divided by 45?
31
Calculate the remainder when 153 is divided by 153.
0
Calculate the remainder when 224 is divided by 4.
0
What is the remainder when 229 is divided by 45?
4
What is the remainder when 45 is divided by 38?
7
What is the remainder when 254 is divided by 12?
2
What is the remainder when 187 is divided by 13?
5
What is the remainder when 228 is divided by 138?
90
What is the remainder when 88 is divided by 21?
4
What is the remainder when 47 is divided by 10?
7
What is the remainder when 176 is divided by 83?
10
What is the remainder when 69232 is divided by 22?
20
Calculate the remainder when 868 is divided by 58.
56
What is the remainder when 86 is divided by 22?
20
What is the remainder when 706 is divided by 382?
324
Calculate the remainder when 75 is divided by 19.
18
Calculate the remainder when 169 is divided by 97.
72
What is the remainder when 54 is divided by 30?
24
Calculate the remainder when 719 is divided by 232.
23
What is the remainder when 955 is divided by 48?
43
Calculate the remainder when 3738 is divided by 10.
8
Calculate the remainder when 389 is divided by 28.
25
What is the remainder when 884 is divided by 50?
34
What is the remainder when 33 is divided by 19?
14
What is the remainder when 890 is divided by 211?
46
Calculate the remainder when 104 is divided by 19.
9
Calculate the remainder when 201 is divided by 77.
47
Calculate the remainder when 6357 is divided by 20.
17
What is the remainder when 73 is divided by 19?
16
Calculate the remainder when 837 is divided by 60.
57
What is the remainder when 248 is divided by 21?
17
What is the remainder when 172 is divided by 60?
52
Calculate the remainder when 51 is divided by 28.
23
What is the remainder when 68 is divided by 41?
27
Calculate the remainder when 5290 is divided by 143.
142
Calculate the remainder when 591 is divided by 194.
9
What is the remainder when 556 is divided by 17?
12
Calculate the remainder when 20 is divided by 9.
2
What is the remainder when 899 is divided by 41?
38
What is the remainder when 4058 is divided by 31?
28
What is the remainder when 796 is divided by 115?
106
Calculate the remainder when 1314 is divided by 417.
63
Calculate the remainder when 9023 is divided by 96.
95
Calculate the remainder when 134 is divided by 50.
34
What is the remainder when 157 is divided by 23?
19
Calculate the remainder when 298 is divided by 125.
48
What is the remainder when 561 is divided by 144?
129
What is the remainder when 6159 is divided by 22?
21
Calculate the remainder when 154 is divided by 40.
34
Calculate the remainder when 34 is divided by 6.
4
Calculate the remainder when 550 is divided by 92.
90
Calculate the remainder when 202 is divided by 44.
26
What is the remainder when 244 is divided by 83?
78
What is the remainder when 211 is divided by 95?
21
What is the remainder when 391 is divided by 131?
129
Calculate the remainder when 307 is divided by 99.
10
What is the remainder when 813 is divided by 86?
39
Calculate the remainder when 95 is divided by 24.
23
Calculate the remainder when 860 is divided by 27.
23
What is the remainder when 958 is divided by 31?
28
What is the remainder when 9644 is divided by 36?
32
Calculate the remainder when 104 is divided by 14.
6
What is the remainder when 1160 is divided by 255?
140
Calculate the remainder when 403 is divided by 73.
38
Calculate the remainder when 4071 is divided by 127.
7
What is the remainder when 562 is divided by 114?
106
What is the remainder when 897 is divided by 222?
9
What is the remainder when 4159 is divided by 13?
12
Calculate the remainder when 109 is divided by 15.
4
Calculate the remainder when 12597 is divided by 90.
87
Calculate the remainder when 294 is divided by 95.
9
What is the remainder when 538 is divided by 44?
10
What is the remainder when 73 is divided by 43?
30
Calculate the remainder when 69 is divided by 23.
0
Calculate the remainder when 14 is divided by 9.
5
Calculate the remainder when 435 is divided by 1.
0
What is the remainder when 1563 is divided by 48?
27
What is the remainder when 274 is divided by 109?
56
Calculate the remainder when 2998 is divided by 39.
34
Calculate the remainder when 145 is divided by 38.
31
What is the remainder when 327 is divided by 33?
30
Calculate the remainder when 1323 is divided by 102.
99
What is the remainder when 1883 is divided by 51?
47
What is the remainder when 315 is divided by 164?
151
Calculate the remainder when 134 is divided by 3.
2
What is the remainder when 68 is divided by 54?
14
What is the remainder when 40 is divided by 25?
15
Calculate the remainder when 45 is divided by 14.
3
Calculate the remainder when 138 is divided by 31.
14
Calculate the remainder when 316 is divided by 6.
4
Calculate the remainder when 1789 is divided by 184.
133
What is the remainder when 1445 is divided by 111?
2
What is the remainder when 19749 is divided by 34?
29
What is the remainder when 103 is divided by 15?
13
What is the remainder when 292 is divided by 37?
33
Calculate the remainder when 60 is divided by 21.
18
Calculate the remainder when 298 is divided by 15.
13
Calculate the remainder when 1594 is divided by 17.
13
Calculate the remainder when 140 is divided by 39.
23
What is the remainder when 444 is divided by 52?
28
Calculate the remainder when 139 is divided by 71.
68
Calculate the remainder when 1267 is divided by 420.
7
What is the remainder when 458 is divided by 55?
18
Calculate the remainder when 35417 is divided by 35.
32
What is the remainder when 1532 is divided by 13?
11
Calculate the remainder when 58 is divided by 21.
16
Calculate the remainder when 249 is divided by 12.
9
Calculate the remainder when 1497 is divided by 19.
15
Calculate the remainder when 1786 is divided by 72.
58
What is the remainder when 513 is divided by 172?
169
Calculate the remainder when 139 is divided by 14.
13
What is the remainder when 90 is divided by 30?
0
What is the remainder when 877 is divided by 126?
121
Calculate the remainder when 137 is divided by 27.
2
What is the remainder when 867 is divided by 58?
55
Calculate the remainder when 860 is divided by 79.
70
Calculate the remainder when 426 is divided by 62.
54
Calculate the remainder when 506 is divided by 151.
53
Calculate the remainder when 1241 is divided by 24.
17
What is the remainder when 2981 is divided by 230?
221
What is the remainder when 66 is divided by 8?
2
Calculate the remainder when 42 is divided by 16.
10
Calculate the remainder when 3188 is divided by 39.
29
Calculate the remainder when 556 is divided by 69.
4
What is the remainder when 1188 is divided by 17?
15
What is the remainder when 7144 is divided by 23?
14
Calculate the remainder when 3316 is divided by 107.
106
Calculate the remainder when 55 is divided by 14.
13
What is the remainder when 1506 is divided by 298?
16
What is the remainder when 1059 is divided by 266?
261
Calculate the remainder when 5916 is divided by 1970.
6
What is the remainder when 13521 is divided by 19?
12
What is the remainder when 830 is divided by 17?
14
Calculate the remainder when 228 is divided by 57.
0
Calculate the remainder when 8 is divided by 2.
0
Calculate the remainder when 10539 is divided by 31.
30
What is the remainder when 1160 is divided by 33?
5
What is the remainder when 103 is divided by 36?
31
Calculate the remainder when 160 is divided by 23.
22
What is the remainder when 73 is divided by 2?
1
What is the remainder when 307 is divided by 122?
63
Calculate the remainder when 123 is divided by 3.
0
Calculate the remainder when 87 is divided by 28.
3
What is the remainder when 442 is divided by 20?
2
Calculate the remainder when 4425 is divided by 27.
24
What is the remainder when 237 is divided by 65?
42
Calculate the remainder when 1340 is divided by 56.
52
What is the r